2
Let x = -4429 - -6062. Calculate the greatest common factor of 284 and x.
71
Let x be 51 - ((8 - 30) + 13). Suppose -4*o + 240 = -0*o. What is the greatest common factor of x and o?
60
Let h(w) = -176*w + 96*w + 5*w**2 + 90*w + 48. Let r be h(-3). What is the highest common divisor of r and 147?
21
Suppose -21*y = -18*y - 12. Suppose -m = -y*t - 64, 7*m - 152 = 4*m + 2*t. Calculate the highest common divisor of 12 and m.
12
Let s be 1 + 3 - (-1350)/10. Suppose s - 14 = 5*i. What is the highest common factor of 475 and i?
25
Let r be -9 + (-2695)/(-66) - 2/(-12). Suppose -r*j = -37*j + 1995. What is the highest common divisor of j and 21?
21
Suppose 0*z + 4206 = 4*z + 3*o, 0 = 2*z - 4*o - 2114. What is the highest common divisor of z and 624?
39
Suppose 22620 + 20441 = 156*m - 3739. Calculate the highest common divisor of m and 740.
20
Let o(b) = 2*b**3 - 20*b**2 + 22*b - 16. Let k be o(18). Calculate the greatest common factor of k and 4.
4
Suppose -9*o - 7*o = -151424. Suppose 24*v - o = -2*v. Calculate the greatest common divisor of v and 28.
28
Suppose -3*k = i + 113 + 100, -4*i - 839 = -k. Let b = -132 - i. What is the highest common factor of b and 117?
39
Suppose -635*u + 625*u + 270 = 0. Let d be 18*14*9/u. Suppose 12 = q - 0*q. What is the highest common factor of q and d?
12
Let a(k) be the first derivative of -19*k**2/2 + 12*k + 19. Let p be 5/5*(-4)/1. Let n be a(p). What is the highest common factor of n and 132?
44
Suppose -4*u + 2084 = 2*n, -4*u = 3*n - 6*n + 3156. Let z = -708 + n. Suppose -8*v = -3*v - z. What is the highest common divisor of v and 17?
17
Let m(k) = -17*k + 262. Let c be m(0). Let w = 345 - c. Calculate the greatest common divisor of 664 and w.
83
Suppose -297 = 8*q + 25*q. Let d be (-148)/6*((-864)/(-8))/q. What is the greatest common factor of 222 and d?
74
Let i be 3 - 7/1*-1. Suppose 0 = 9*t + 13*t - 132. Calculate the highest common factor of i and t.
2
Let y(t) = -t**2 + 14*t + 1. Suppose -3*z + 4*z - 42 = 0. Let m be (-4)/(-1)*z/12. Let o be y(m). Calculate the highest common factor of o and 9.
1
Let z(c) = 15*c**2 + 5*c - 5. Let a be z(2). Let y = 107 - a. Suppose m - 2*u = 33 + 80, 5*m + 5*u - 505 = 0. Calculate the highest common divisor of m and y.
21
Suppose -19*k = -r - 17*k + 75, -75 = -r - 3*k. Let m be (-1)/3 - 160/(-30). Suppose -h + m*h = 60. What is the highest common factor of r and h?
15
Suppose 0 = 4*l - 4*h - 96, 2*h = -5*l + 11 + 81. Let f = -8 + l. Let o = -124 - -154. What is the highest common divisor of f and o?
6
Let r = -756 + 1394. What is the greatest common factor of 88 and r?
22
Let s(z) = -z**3 - z**2 + 228. Let r be s(0). Let q = 77638 + -77602. Calculate the highest common factor of r and q.
12
Suppose -4*p + 3*d = -318, -5*p + 12*d + 381 = 11*d. Let s(q) = 2*q - 7. Let w be s(11). Calculate the greatest common divisor of p and w.
15
Let n = 33840 - 32560. What is the greatest common factor of 290 and n?
10
Let u(o) = 140*o - 1668. Let j be u(12). Calculate the highest common factor of j and 6684.
12
Let u(t) = 12*t**2 + 3*t - 50. Let r be u(-5). Calculate the greatest common factor of 5 and r.
5
Let r(s) = -168*s - 19. Let v be r(-2). Calculate the greatest common divisor of 1 and v.
1
Let h be (4/6)/(17/(-153)) + 5. Let q be 4*(h/12 + (-7146)/(-54)). Calculate the highest common divisor of q and 23.
23
Let o be (-2646)/(-2) - (8 + 4 + (5 - 10)). Calculate the highest common factor of o and 940.
188
Let r = 4280 + -4269. What is the greatest common factor of 429 and r?
11
Let k(h) = -h**3 - 4*h**2 - 22*h - 131. Let r be k(-7). What is the highest common divisor of 50 and r?
10
Let c = 202 - -8. Suppose 10*x - c = -11*x. What is the greatest common factor of 255 and x?
5
Suppose 5*o + 47*y - 40*y = 3113, 3*o - 2*y = 1874. Calculate the greatest common factor of 39 and o.
39
Suppose 2*w - 59 = 2*k - 3*k, -71 = -3*w - 5*k. Suppose 0 = -9*j + 1004 - w. Let r = j + -52. What is the highest common factor of r and 7?
7
Let c = 1044 + -280. Calculate the greatest common factor of 16 and c.
4
Suppose -47 = -4*j + 2*g + 19, 4*j + 3*g - 71 = 0. Let a(q) = 15*q + 9. Let w be a(j). Calculate the highest common factor of w and 36.
12
Let p = -5 - -9. Suppose c - 7 = -p. Let f = -242 + 251. What is the greatest common divisor of c and f?
3
Let i be -12 + 9*(-18)/(-6). Suppose -m - 3*m = -84. Calculate the highest common factor of i and m.
3
Suppose 26*w = -14*w - 0*w + 520. What is the greatest common factor of 38 and w?
1
Suppose 20*d + 34475 = 21*d + 34*d. What is the greatest common factor of 25 and d?
5
Let q(z) = 0*z**3 - 69*z**2 + z**3 + 9 + 3*z + 77*z**2. Let l be q(-6). Calculate the highest common divisor of l and 21.
21
Let x be 212848/48 - (-12)/18. Calculate the greatest common factor of x and 5.
5
Suppose 7*i + 72 = 3*i. Let x be 8/6*i/12*-2. Suppose -b = -2*g - 27, -4*g - 45 - 63 = -x*b. What is the highest common divisor of b and 243?
27
Let v = -1678 - -2007. What is the highest common factor of v and 28?
7
Let s(u) = -28*u + 424. Let p be s(10). What is the greatest common factor of 304 and p?
16
Let k = -27581 + 31685. Calculate the greatest common divisor of k and 360.
72
Let n(a) = 20*a - 40. Let c be n(2). Suppose 4*d + 5*z - 212 = c, 9*z - 10*z - 188 = -4*d. Let f = 38 - 6. Calculate the highest common factor of f and d.
16
Let z = 161 + -159. Suppose -3*g - f = -219, -z*g - f - 357 = -7*g. Calculate the highest common divisor of g and 36.
36
Let d be (687/(-4122))/(3/(-450)). Let n(v) = v - 3. Let j be n(9). Suppose -2*s = -j*s + 300. Calculate the highest common factor of d and s.
25
Let c = -54 - -58. Suppose -2*k - 651 = -2*z + 181, c*z = 5*k + 1664. Calculate the highest common factor of z and 26.
26
Suppose 1691*c - 1692*c = -84. What is the highest common divisor of 21 and c?
21
Suppose -7*g - 240 = -12*g. Let u be 6 + (-5)/((-20)/16) + -5. Suppose -u*q + 4*z + 73 = -207, -70 = -q - 2*z. Calculate the highest common divisor of q and g.
12
Let r = 836 - 824. Suppose -3*o = -5*b - 21 - r, -5*b - 45 = -5*o. Calculate the highest common factor of 5 and o.
1
Let n be (-2 + 16)/(-1)*3*(-650)/35. What is the highest common divisor of 2964 and n?
156
Suppose 0 = 147*q - 2302 - 5783. What is the highest common factor of q and 26?
1
Suppose 0 = 2*z - 5*x - 470, 2*z - 422 = -30*x + 27*x. What is the greatest common factor of z and 90?
10
Suppose 14*r + 5331 = 6759. What is the greatest common factor of 43962 and r?
102
Let h(b) = b**2 - 6*b - 4. Let w be h(12). Let g be (-26)/247 - 9702/(-114). What is the highest common divisor of g and w?
17
Suppose 0 = -3*q - b + 3*b + 2, -4 = -4*q + 2*b. Let w be (11 + (-590)/50)*35/2. Let y be (-329)/w - (-1)/q. Calculate the greatest common divisor of 16 and y.
8
Suppose -3*g = 141*r - 140*r - 348, 0 = 4*r + 5*g - 1448. What is the greatest common factor of r and 310?
62
Let b be (18/(-4))/(((-12)/8)/3). Suppose -5*n + n + 5 = 3*u, 4*n - 7 = -u. Let l be (0 - u)/(16/144). What is the highest common divisor of l and b?
9
Let l be (252/(-8)*130/30)/((-3)/6). What is the greatest common factor of 112 and l?
7
Let k(p) = -12*p - 59. Let g be k(-6). Suppose -g + 49 = 4*n. Let w(m) = 8*m**2 - 4*m - 3. Let d be w(-3). What is the highest common divisor of n and d?
9
Suppose 814*w - 1463 = 795*w. Calculate the highest common factor of w and 913.
11
Let v be (1484/21)/(((-10)/(-3))/10). What is the greatest common factor of v and 21094?
106
Suppose 28 = 3*k - o - 35, -3 = o. Let j(q) = -14*q**2 + 4*q - 3. Let z be j(1). Let b = z + k. What is the greatest common factor of b and 35?
7
Let p = 12 + -57. Let o = 180 + p. Calculate the highest common factor of 108 and o.
27
Let b = -83 - -47. Let r = -33 - b. Suppose 0 = -r*p + 33 + 27. What is the highest common divisor of p and 2?
2
Let g be 8/(-32) + (-11)/4. Let q(o) = -o - 7. Let n be q(g). Let d be 1614/45 + n/(-30). What is the greatest common factor of 9 and d?
9
Let w be (1 + 0)/((-1)/(-19)). Let h(n) = -2*n + 107. Let k be h(w). Calculate the greatest common factor of k and 23.
23
Let s = 416 + -7. Let k = 166 + s. Calculate the highest common divisor of k and 23.
23
Let g be ((-2280)/(-16))/15*92/2. Calculate the highest common divisor of g and 209.
19
Let x(i) = -37*i + 23. L